 i(w) = w**2 - 7*w + 10. List the prime factors of i(10).
2, 5
Suppose 192 = 4*j + 28. Suppose -4*k + 25 = v, 2*v = k + 4*k - j. Suppose -k*f + 3*f = -m - 32, m = -3*f + 24. List the prime factors of f.
2
Let q be 4 + (-4 - -2) + 4/2. Let g = -5 - -2. Let t = q - g. List the prime factors of t.
7
Let s = 7 - -3. Let r(b) = s + b + 5 - 1. What are the prime factors of r(-7)?
7
Let m(b) = b**3 - 3*b**2 - 5*b - 7. Let v be m(5). List the prime factors of (-8)/(-12)*v*2.
2, 3
Suppose 12*o - 9*o = 84. Let n = o - -27. List the prime factors of n.
5, 11
Let q = -2 - -5. Let w(d) = -q*d + 8 - 3 + 2*d. What are the prime factors of w(-5)?
2, 5
Let r(b) = -b**2 - 18*b - 47. List the prime factors of r(-11).
2, 3, 5
Suppose -s + 22 = s. Let d(v) = -v**3 + 3*v**2 - v - 1. Let y be d(2). Let x = s + y. List the prime factors of x.
2, 3
Suppose -5*f - 43 = 2*y, y + 75 = -2*y + 3*f. Let o be (-6)/33 + y/(-11). Suppose -o*d + 0*k + 14 = 2*k, 0 = -2*d - 5*k + 26. What are the prime factors of d?
3
Suppose 1 - 5 = -i. Suppose 5*g + 2*h - 20 - 35 = 0, -i*h - 55 = -5*g. What are the prime factors of g?
11
Let o(g) = -g**3 + 10*g**2 + 3*g - 9. What are the prime factors of o(10)?
3, 7
Suppose -3*h + d - 7 = -5*h, -5*h - d = -22. Suppose h*g = 3 - 38. Let v = 13 + g. List the prime factors of v.
2, 3
Let y be 2 + 17 - (-1 + 5). Let r = y - 11. What are the prime factors of r?
2
Let w(n) be the second derivative of 0 + 9/2*n**2 + 2*n + 1/12*n**4 + 0*n**3. List the prime factors of w(0).
3
Let a(t) = -5*t**2 - 2*t + 4*t**3 - 11 + 0*t**3 + 0*t**3. Let o(s) = 5*s**3 - 5*s**2 - s - 12. Let p(n) = 6*a(n) - 5*o(n). What are the prime factors of p(-4)?
2, 3
Suppose 0 = -5*f + 2*l, 13 = -f - 0*f + 3*l. Suppose -3*v + 4*o + 77 + 17 = 0, -f*o + 174 = 5*v. What are the prime factors of v?
2, 17
Suppose -3*a - 6 = -5*a. Suppose 0 = -5*r + a*r + 12. Let f = r + 1. List the prime factors of f.
7
Suppose 2*z - 2*f = 122, -5*z + 281 = 3*f - 0*f. List the prime factors of z.
2, 29
List the prime factors of ((-8)/(-10))/(6/165).
2, 11
Let x(v) = -v**2 - 3*v + 1. Let p be x(-3). Let s be (-6)/(-1 - p*-2). List the prime factors of (s/9)/(1/(-9)).
2, 3
Let h(l) = -l - 1. Let q be h(4). Let k(d) = -d**2 - 6*d - 3. Let x be k(q). List the prime factors of x*1*66/12.
11
Suppose 0 = -5*w + 4*y + 890, -5*w - y - 3*y + 850 = 0. What are the prime factors of w?
2, 3, 29
What are the prime factors of (-10)/(20/(-8) + 2)?
2, 5
Let z(x) = 2*x + 3. Let j(a) = a**2 - 11*a + 13. Let m be j(10). Let f(n) = n + 3. Let k(r) = m*z(r) - 4*f(r). List the prime factors of k(4).
5
Suppose 152 = 5*o + 2. Suppose 4*s = -s + o. What are the prime factors of s?
2, 3
Let c = -13 + 18. Suppose 4*t - c*j + 3 = 5*t, -5*t + 41 = -j. What are the prime factors of (-14)/(-4) + 12/t?
5
Suppose 0 = -2*m - 13 + 37. Suppose -2*p + 4*p = m. What are the prime factors of p?
2, 3
Let a be (-9)/21 - (-93)/21. Let v = -7 + 19. Suppose a*j = -4*g - 4, j + v = -3*j. What are the prime factors of g?
2
Suppose -3*p + v = 4 - 23, 0 = -5*p - 3*v + 41. Suppose 2*a = p*a - 50. Let s = a - 6. List the prime factors of s.
2
Suppose -4*f - 2*m + 4 = -8, f + m = 3. Suppose -5*w + 55 = -f*i, 4*w - 24 - 17 = 3*i. List the prime factors of w.
2, 7
Let t = 5 + 7. Suppose t = u + 2*u. Suppose -2*o = -2*n - 0 + 24, -u*n = -3*o - 46. List the prime factors of n.
2, 5
Let j = 84 - 65. What are the prime factors of j?
19
Let x(m) = 2*m**3 - 3*m**2 - m + 4. Let v be x(-4). What are the prime factors of ((-1)/(-2))/((-6)/v)?
2, 7
List the prime factors of ((-7)/14)/(1/(-44)).
2, 11
Let c = 4 - 4. Suppose -3*u = -2*l - 25, 3*l - 39 = -4*u - c*l. What are the prime factors of u?
3
Let s(i) = 14*i**2 - 7*i + 9. List the prime factors of s(3).
2, 3, 19
Suppose -5*z - 2*h = -568, 3*h + 4 = 1. What are the prime factors of z?
2, 3, 19
Let h(n) = 2*n - 10. Let w be h(9). Let i be (w + 0)*1/2. Suppose -d - i*q = 6, 4*d + 6*q - 28 = 3*q. What are the prime factors of d?
2, 5
Let w(i) = -22*i + 1. Let j be (5 - 4) + -1 + -2. What are the prime factors of w(j)?
3, 5
Let q(v) = 6*v**2 + 2*v + 3. Let b be q(-3). Let z = -34 + b. List the prime factors of z.
17
Suppose 71 = b + 21. Suppose 3*h - 24 = -2*t + 2, 0 = -5*h - 5*t + b. List the prime factors of h.
2, 3
Suppose 0 = -5*h + 24 + 51. Suppose 0 = 2*i + 3*v - 9, 3*i + h = -2*i + 5*v. Suppose w - 2 - 6 = i. List the prime factors of w.
2
Suppose -282 = -5*r + 328. What are the prime factors of r?
2, 61
Let z be (52/10)/(5/(-25)). Let x = 26 - z. What are the prime factors of x?
2, 13
Suppose -3*w = -w - 60. What are the prime factors of w?
2, 3, 5
Let f(k) be the third derivative of -k**5/60 + k**4/2 - 2*k**3/3 + 5*k**2. What are the prime factors of f(8)?
2, 7
Suppose 4 = -4*z, -3*z - 1 - 10 = -4*f. What are the prime factors of (3/f)/(6/44)?
11
Let b(j) = -3*j**2 - 11*j - 2. Let d(o) = 2*o**2 + 7*o + 1. Let s(c) = 5*b(c) + 8*d(c). List the prime factors of s(2).
2
Suppose 4*o - 2*h = 410, -6*o + o - 4*h + 506 = 0. List the prime factors of o.
2, 3, 17
Let w(k) = -41*k**3 - 2*k**2 + 1. Let i be w(-1). Let o be (i/(-2))/(2 - 3). Suppose 0*g = -4*g + o. What are the prime factors of g?
5
Suppose 0 = p + 2 + 2. Let o = p + 13. Suppose 4*l = l + o. What are the prime factors of l?
3
Suppose 7*w = 174 + 442. List the prime factors of w.
2, 11
Let n(m) = -m. Let q be n(-3). Let p(b) = b**3 - b**2 - 2*b + 1. Let k be p(q). Let y = k + -3. List the prime factors of y.
2, 5
Suppose c - 5*s = -19, -3*c - 4 = -3*s + 5. Let t be (6 - c)/1 + -1. Suppose 5*y + 5*q - 35 = 0, 8 = -4*y + 4*q - t. List the prime factors of y.
2
Let p(a) be the first derivative of 3*a**2 - 18*a + 4. What are the prime factors of p(8)?
2, 3, 5
What are the prime factors of 27/(2*(-4)/(-8))?
3
Let p = 24 + 22. Suppose -5*r - l + p = 0, -4*l + 4 + 0 = 0. What are the prime factors of r?
3
Suppose -3*z - 167 = -4*v, -4*z + 2*z = 4*v - 182. List the prime factors of v.
2, 11
Let i be 1/(-2)*(-8 - -2). Let q(x) = -2*x + 5*x + 0*x. List the prime factors of q(i).
3
Let q(i) = -2*i**3 - 5*i**2 - 3*i - 2. What are the prime factors of q(-4)?
2, 29
Let j(a) = a**2 + 2*a + 48. List the prime factors of j(0).
2, 3
Let r(p) = 3*p**2 - 8*p + 1. What are the prime factors of r(4)?
17
Let u(x) = -x**3 - x**2 - 2*x + 1. Let k be u(2). Let o = 11 - k. List the prime factors of o.
2, 13
Let m = 27 - 19. Let h(d) = 2*d**2 - d - 1. Let s be h(2). Suppose s*l - 53 = -m. List the prime factors of l.
3
Let h(q) = 5*q + 1. Let m(j) = 26*j + 6. Let z(d) = 16*h(d) - 3*m(d). What are the prime factors of z(7)?
2, 3
Let y(d) = -3*d - 6. Let c be y(-7). Let q = -3 + c. Let o = -8 + q. What are the prime factors of o?
2
Suppose 3*l - 199 = -4*x, 2*l + 2*x + 114 = 4*l. What are the prime factors of l?
61
Let d(r) = -6*r + 5. Let j be d(3). Let l(g) = -3*g + 10. List the prime factors of l(j).
7
Let f be 12/9*(-102)/4. Let h = -14 - f. List the prime factors of h.
2, 5
Let g(i) = -i**3 + 8*i**2 + i + 7. List the prime factors of g(8).
3, 5
Let j = 0 + 39. What are the prime factors of j?
3, 13
Suppose -4*w + 2*s = -6, -w + 6*w - 5*s - 5 = 0. List the prime factors of 2/3*24 + w.
2, 3
Suppose 229 + 51 = 8*y. What are the prime factors of y?
5, 7
Suppose 0 = -5*w + w + 100. What are the prime factors of w?
5
Let k = 16 + -26. Let b(d) = d**3 + 11*d**2 + 9*d + 2. What are the prime factors of b(k)?
2, 3
Let c = -33 + 67. Suppose 2*l - 4*m + 69 = 3*l, -3*m - c = -l. Let s = l - 32. What are the prime factors of s?
17
Let p(a) = 2*a + 0 + 0*a - a + 52*a**2 - 1. List the prime factors of p(1).
2, 13
Let s(o) = -23*o - 4. List the prime factors of s(-3).
5, 13
Let w(i) = i. Let h(r) = 6*r. Let u(v) = 3*h(v) - 15*w(v). Let p be (4/3)/(2/6). List the prime factors of u(p).
2, 3
Let n(l) = 4*l**2 - 2*l - 1. List the prime factors of n(-1).
5
What are the prime factors of 20/(4/8*3/12)?
2, 5
List the prime factors of 4/6*186*(-2)/(-4).
2, 31
Suppose -5*o = 5 - 25. Suppose 0 = -o*l - 20, -z - l + 4 = 6. Let f(q) = q**3 - q**2 - 2*q + 4. What are the prime factors of f(z)?
2
Let a(v) = v + 9. Let d be a(-9). Suppose -3*z - g + 3*g + 24 = d, 5*z - 36 = 2*g. Let h(x) = -x**2 + 9*x - 3. What are the prime factors of h(z)?
3, 5
What are the prime factors of (-16)/(-4) - 0/(-3 - -2)?
2
